
What is the remainder when 62 is divided by 29?
4
What is the remainder when 48 is divided by 22?
4
Calculate the remainder when 813 is divided by 39.
33
Calculate the remainder when 1163 is divided by 235.
223
What is the remainder when 835 is divided by 41?
15
Calculate the remainder when 95 is divided by 13.
4
What is the remainder when 8314 is divided by 31?
6
What is the remainder when 147 is divided by 15?
12
Calculate the remainder when 1104 is divided by 13.
12
Calculate the remainder when 412 is divided by 285.
127
Calculate the remainder when 302 is divided by 40.
22
What is the remainder when 199 is divided by 28?
3
What is the remainder when 638 is divided by 20?
18
What is the remainder when 34 is divided by 12?
10
What is the remainder when 283 is divided by 18?
13
Calculate the remainder when 1024 is divided by 117.
88
What is the remainder when 2510 is divided by 109?
3
What is the remainder when 3508 is divided by 39?
37
Calculate the remainder when 1514 is divided by 51.
35
Calculate the remainder when 169 is divided by 87.
82
What is the remainder when 86 is divided by 42?
2
Calculate the remainder when 1313 is divided by 94.
91
Calculate the remainder when 161 is divided by 122.
39
What is the remainder when 448 is divided by 69?
34
Calculate the remainder when 143 is divided by 9.
8
What is the remainder when 100 is divided by 31?
7
Calculate the remainder when 44 is divided by 17.
10
What is the remainder when 112 is divided by 45?
22
Calculate the remainder when 912 is divided by 220.
32
What is the remainder when 241 is divided by 119?
3
Calculate the remainder when 800 is divided by 791.
9
Calculate the remainder when 549 is divided by 55.
54
What is the remainder when 272 is divided by 55?
52
What is the remainder when 511 is divided by 60?
31
Calculate the remainder when 169 is divided by 43.
40
Calculate the remainder when 1077 is divided by 47.
43
What is the remainder when 383 is divided by 12?
11
What is the remainder when 199 is divided by 22?
1
What is the remainder when 41 is divided by 37?
4
Calculate the remainder when 327 is divided by 158.
11
What is the remainder when 152 is divided by 9?
8
What is the remainder when 266 is divided by 21?
14
What is the remainder when 262 is divided by 24?
22
What is the remainder when 341 is divided by 49?
47
What is the remainder when 1019 is divided by 146?
143
Calculate the remainder when 213 is divided by 16.
5
Calculate the remainder when 390 is divided by 50.
40
Calculate the remainder when 275 is divided by 43.
17
Calculate the remainder when 1937 is divided by 10.
7
Calculate the remainder when 196 is divided by 73.
50
Calculate the remainder when 733 is divided by 143.
18
Calculate the remainder when 230 is divided by 134.
96
What is the remainder when 255 is divided by 4?
3
Calculate the remainder when 11087 is divided by 21.
20
What is the remainder when 77 is divided by 70?
7
What is the remainder when 41 is divided by 5?
1
What is the remainder when 142 is divided by 13?
12
What is the remainder when 1023 is divided by 5?
3
What is the remainder when 1172 is divided by 2?
0
What is the remainder when 276 is divided by 24?
12
Calculate the remainder when 1542 is divided by 307.
7
What is the remainder when 59001 is divided by 99?
96
What is the remainder when 185 is divided by 94?
91
Calculate the remainder when 2336 is divided by 1150.
36
Calculate the remainder when 155 is divided by 26.
25
What is the remainder when 125 is divided by 66?
59
What is the remainder when 578 is divided by 29?
27
What is the remainder when 3635 is divided by 140?
135
Calculate the remainder when 1819 is divided by 261.
253
What is the remainder when 910 is divided by 4?
2
Calculate the remainder when 3364 is divided by 242.
218
What is the remainder when 118 is divided by 9?
1
Calculate the remainder when 223 is divided by 47.
35
Calculate the remainder when 467 is divided by 24.
11
Calculate the remainder when 1738 is divided by 45.
28
Calculate the remainder when 1830 is divided by 14.
10
What is the remainder when 227 is divided by 30?
17
Calculate the remainder when 195 is divided by 71.
53
Calculate the remainder when 173 is divided by 3.
2
Calculate the remainder when 524 is divided by 147.
83
What is the remainder when 2506 is divided by 78?
10
Calculate the remainder when 228 is divided by 46.
44
What is the remainder when 199 is divided by 11?
1
Calculate the remainder when 2968 is divided by 53.
0
Calculate the remainder when 539 is divided by 45.
44
What is the remainder when 13598 is divided by 32?
30
What is the remainder when 2852 is divided by 56?
52
What is the remainder when 19601 is divided by 169?
166
Calculate the remainder when 5719 is divided by 40.
39
What is the remainder when 278 is divided by 10?
8
Calculate the remainder when 200 is divided by 63.
11
Calculate the remainder when 153 is divided by 18.
9
Calculate the remainder when 701 is divided by 265.
171
What is the remainder when 70 is divided by 13?
5
Calculate the remainder when 150 is divided by 29.
5
Calculate the remainder when 987 is divided by 26.
25
Calculate the remainder when 384 is divided by 32.
0
What is the remainder when 1074 is divided by 13?
8
Calculate the remainder when 237 is divided by 139.
98
What is the remainder when 1300 is divided by 12?
4
What is the remainder when 1653 is divided by 18?
15
What is the remainder when 93 is divided by 85?
8
Calculate the remainder when 61 is divided by 16.
13
What is the remainder when 449 is divided by 62?
15
Calculate the remainder when 143 is divided by 19.
10
What is the remainder when 141 is divided by 24?
21
Calculate the remainder when 3799 is divided by 95.
94
What is the remainder when 422 is divided by 47?
46
Calculate the remainder when 4267 is divided by 24.
19
Calculate the remainder when 140 is divided by 36.
32
Calculate the remainder when 299 is divided by 75.
74
What is the remainder when 323 is divided by 55?
48
What is the remainder when 861 is divided by 36?
33
What is the remainder when 112 is divided by 48?
16
What is the remainder when 1288 is divided by 24?
16
What is the remainder when 526 is divided by 38?
32
What is the remainder when 887 is divided by 37?
36
Calculate the remainder when 250 is divided by 51.
46
Calculate the remainder when 102 is divided by 35.
32
What is the remainder when 44 is divided by 33?
11
What is the remainder when 139 is divided by 24?
19
What is the remainder when 548 is divided by 11?
9
What is the remainder when 11 is divided by 6?
5
Calculate the remainder when 244 is divided by 62.
58
Calculate the remainder when 218 is divided by 10.
8
What is the remainder when 1241 is divided by 83?
79
What is the remainder when 400 is divided by 94?
24
What is the remainder when 57780 is divided by 309?
306
Calculate the remainder when 301 is divided by 22.
15
Calculate the remainder when 11768 is divided by 10.
8
What is the remainder when 2949 is divided by 26?
11
Calculate the remainder when 34 is divided by 7.
6
Calculate the remainder when 277 is divided by 35.
32
Calculate the remainder when 1422 is divided by 1417.
5
Calculate the remainder when 3653 is divided by 31.
26
Calculate the remainder when 624 is divided by 127.
116
What is the remainder when 316 is divided by 64?
60
What is the remainder when 1913 is divided by 114?
89
Calculate the remainder when 408 is divided by 25.
8
Calculate the remainder when 297 is divided by 20.
17
What is the remainder when 1925 is divided by 383?
10
Calculate the remainder when 1066 is divided by 133.
2
What is the remainder when 59 is divided by 39?
20
Calculate the remainder when 934 is divided by 85.
84
Calculate the remainder when 5651 is divided by 14.
9
What is the remainder when 420 is divided by 12?
0
Calculate the remainder when 372 is divided by 11.
9
What is the remainder when 7798 is divided by 10?
8
Calculate the remainder when 86 is divided by 81.
5
Calculate the remainder when 1478 is divided by 146.
18
Calculate the remainder when 17068 is divided by 22.
18
Calculate the remainder when 50 is divided by 17.
16
Calculate the remainder when 185 is divided by 59.
8
Calculate the remainder when 61 is divided by 17.
10
What is the 